 + 2. Suppose k + 18 - 623 = 0. Let c be (k/20)/11 + 1/4. Suppose -c*h - 55 = -73. Calculate p(h).
2
Let q be ((-3)/((-12)/80))/2. Let c be 1*4 + 2 + -1. Suppose c*z - z = 4*k, 5*z = -q. Let h(n) = -n**2 - 3*n - 3. What is h(k)?
-1
Let a(k) = -k + 1. Let x(q) = -q**3 - 7*q**2 + 4*q + 49. Suppose 3*u + 36 - 18 = 0. Let l be x(u). What is a(l)?
12
Let r(k) be the second derivative of -2*k**3/3 - 19*k**2 - 3831*k. Calculate r(-13).
14
Let f be (-650)/(-104)*(-2 + 36/15). Let u(r) be the first derivative of -f*r**2 + 1/3*r**3 + 2 + 5*r. Give u(6).
11
Let w(t) = t**3 - 4*t**2 + 2*t + 7. Let p = -3944 + 3947. Give w(p).
4
Let b(q) = -q**2 - 8*q - 8. Let u(v) = 8*v. Let i(d) = -30*d - 3. Let j be i(-1). Suppose 0 = -2*c - j + 25. Let o be u(c). What is b(o)?
-8
Let r(a) be the first derivative of a**3/3 + a**2 - 52*a + 12. Determine r(0).
-52
Let q(t) = -t**2 + 5*t - 5. Let z = 108 + 1. Let j = 113 - z. Give q(j).
-1
Let i(s) be the first derivative of s**3/3 - s**2/2 - 24*s + 4064. What is i(-7)?
32
Let w(d) = 0*d - 12*d - 7 + 27*d**2 - 19*d + 2*d - 1 - d**3. What is w(26)?
-86
Suppose -v + 8 = 2. Let w(f) = 0 + 1 - f - 6 + v. Suppose 21 = i + 5*l, -4*l + l = -15. What is w(i)?
5
Let f = -6172 - -6176. Let p(z) = -11 - 2*z**2 + 8 + z + 22. Let b be p(f). Let i(q) = -q**3 - 10*q**2 - 9*q + 5. Determine i(b).
5
Let a be 0 + -1 - 15/((-15)/(-2)). Let k(t) = -19*t - 8. Let j(s) = 9*s + 4. Let h(z) = 13*j(z) + 6*k(z). Determine h(a).
-5
Suppose -6*j = -5*j + 54. Let d be -3 + (-150)/j - (-4)/18. Let r(h) = -3*h**2 + 2*h**2 + h**3 - 3*h + 4*h. Calculate r(d).
0
Suppose 3*o + 5*i + 603 = 641, -5*i + 20 = 0. Let t(n) = 11*n - 88. Calculate t(o).
-22
Let u(c) be the first derivative of c**4/4 - 3*c**3/2 + 205*c**2/2 - 114. Let f(i) be the second derivative of u(i). What is f(6)?
27
Let u(l) = -l**3 + 12*l**2 - 6*l - 13. Let q = -15419 + 15429. Determine u(q).
127
Let o(d) = 3*d**3 + 5*d**2 + 2. Let b(u) = -14*u**3 - 26*u**2 - 13. Let r(h) = 2*b(h) + 11*o(h). Calculate r(-2).
-32
Suppose -179 = -67*i - 93*i - 1939. Let x(z) = 2*z + 48. What is x(i)?
26
Let i(j) be the first derivative of -j**4/4 + 7*j**3/3 + 9*j**2/2 - 20*j + 1280. What is i(8)?
-12
Let n(v) = -3. Suppose -7*g + 2 = 9. Let d(s) = -s**2 + 2*s - 8. Let k(b) = g*d(b) + 3*n(b). Determine k(-1).
2
Let h(l) = -12*l + 88. Let v be h(7). Let u be v/1 + -2 - -6. Let b(t) = t**2 - 8*t + 5. Determine b(u).
5
Let u(w) = w - 13. Let d be ((-45)/(-6) + -7)/((-3)/(-1716)). Suppose 0 = -7*t + d - 174. What is u(t)?
3
Let u(d) be the first derivative of d**4/24 + 19*d**3/6 - 36*d**2 - 6. Let c(z) be the second derivative of u(z). Determine c(-13).
6
Suppose -3*l - 147 = 4*l - 231. Let r(u) be the first derivative of -1/3*u**3 - 3*u + 3*u**2 - l. Give r(4).
5
Let d(y) be the second derivative of -y**3/6 - y**2/2 - 2216*y. Determine d(-19).
18
Let q be 14*5/(1 - -4). Suppose 438*i = 440*i - q. Let x(b) = -6*b. Give x(i).
-42
Let f(p) = -2*p**2 - 37*p + 63. Suppose -2*w - 48 = 2*j, -2*j = -5 + 13. Let a be f(w). Let r(s) = 2*s**2 + 4. What is r(a)?
22
Let g = -26 + 31. Suppose 49 + 25 = d - 2*u, g = -u. Let a = 60 - d. Let p(f) = f - 1. Give p(a).
-5
Let j(n) = 25*n**2 - n + 8. Let u(v) = -29*v**2 + v - 9. Let p(r) = 7*j(r) + 6*u(r). Let b be (-2)/(1/(((-6)/(-4))/1)). Calculate p(b).
14
Let l(k) be the first derivative of -k**4/12 - 5*k**3/6 - 4*k**2 + 8*k - 62. Let r(v) be the first derivative of l(v). Determine r(-4).
-4
Let i(v) = 167*v**2 + 169*v**2 - 335*v**2 - 10 - 24*v + 41. Give i(22).
-13
Let w(n) = n + 24. Let t(g) = -6*g - 133. Let j(f) = 4*t(f) + 23*w(f). Give j(-7).
27
Let y(x) be the first derivative of 19*x**2/2 - 126*x - 3919. Determine y(7).
7
Let h(s) = 9*s**2 - s - 2. Suppose 3*c = -5*l - 205, 4*c + 0*c = 3*l - 225. Let u = c + 59. Determine h(u).
8
Let m(l) = -97*l - 109. Let w be m(-1). Let b(d) = d**3 + 12*d**2 + d + 2. Give b(w).
-10
Let w(k) be the third derivative of k**7/1680 - k**6/180 + k**5/30 + 37*k**4/24 - 39*k**2. Let o(t) be the third derivative of w(t). What is o(4)?
8
Let m(s) = -2*s + 6. Let f be m(2). Let i(z) = z**3 + z**2 - 2*z. Let u(r) = r**3 - r**2. Let n(o) = i(o) - 2*u(o). Determine n(f).
0
Let k(o) = o**3 - 5*o**2 + 6*o - 4. Let d(g) = -21*g + 13. Let q be d(-6). Let u = q - 135. What is k(u)?
4
Let w(q) = 1 - 108*q - 21 + 58*q + 49*q. Determine w(-12).
-8
Let v = -1367 + 1374. Let m(q) = -q**2 + 15*q - 54. What is m(v)?
2
Let y(a) be the second derivative of -5*a**3/6 + a - 98. Calculate y(7).
-35
Let r(x) = -2124*x + 59 + 711*x + 700*x + 709*x. Calculate r(11).
15
Suppose -6*d + 10*d - 2*o = -34, 3*o - 23 = -d. Let p(a) = 2*a**2 + 3*a - 22. Calculate p(d).
-2
Suppose -3*m - 228 = 345. Let u = -195 - m. Let r(x) be the second derivative of -x**4/12 - x**3/3 + 2*x**2 - x. Calculate r(u).
-4
Let y = -622 - -620. Let t(f) = 1 + 3*f + 1 - 1 - 5*f. What is t(y)?
5
Let t(z) = -2*z + 10. Let y(j) = -j - 8. Let l(q) = t(q) - y(q). What is l(23)?
-5
Let l = 334 + -156. Let m(f) = -364 + f + l + 177. Determine m(6).
-3
Let p = -27 - -30. Suppose -2 = -p*c + 10, -2*a + 3*c = 6. Let b(n) = -2*n**2 - 2*n**3 + 3*n**3 + 629*n - 4 - 632*n. What is b(a)?
-4
Let f(i) be the second derivative of i**4/4 + 5*i**3/3 + i**2 + 2904*i. Calculate f(-4).
10
Suppose -3*m + u + 7 = 0, 2*u + 7 - 3 = m. Suppose 0*j = -m*j + 14. Let p(g) = -g + 4*g**2 - 8*g**2 + 5*g**2 - 1 + 2*g + j*g**3. What is p(1)?
8
Let n(h) = -5*h - 78. Let u be n(-16). Suppose 2*v + 10 = -u*f - 2, f - 4*v + 6 = 0. Let i(k) = -k**2 - 9*k - 7. Determine i(f).
11
Let i be (-1)/(-2 - 0)*(-12)/(-3). Let x(j) = -j - 2. Let g(n) = 18*n + 42. Let y(u) = i*g(u) + 42*x(u). What is y(1)?
-6
Let j(a) = 2*a**2 + 3*a - 4. Let y(o) = -o**2 - 9*o - 9. Let q be y(-7). Suppose -2*p - 4*f + 6 = 0, -q*f - 17 = -2*p - 2. Suppose -11 + p = 2*v. What is j(v)?
5
Let d(b) = -6*b + 34. Let m(a) = -46*a - 2202. Let v be m(-48). Calculate d(v).
-2
Let z(p) = p**2 - 6*p + 5. Let g(n) = -2*n**3 - 2*n**2 + 1. Let x be g(-1). Suppose -7 + x = -w. Suppose -3*c = 3*f - w, -21 = -4*f + f + 2*c. What is z(f)?
0
Let y(k) = k**3 + 18*k**2 - 2*k - 29. Suppose -c + 102 = -6*c + 4*v, 2*c - 5*v = -51. Give y(c).
7
Let y(q) be the first derivative of 2*q**3/3 + 29*q**2 + 43*q + 552. Give y(-28).
-13
Let z(u) = 17*u + 130. Let m be ((-352)/(-308))/((-7)/49). Calculate z(m).
-6
Let t(f) = -f**3 - 7*f**2 - 7*f - 5. Let q = 114 + -106. Let s be ((-6)/q*-2)/(27/(-72)). Determine t(s).
-25
Suppose 3*g + 58 - 50 = -5*c, c = 2*g + 1. Let i be 2*c*(-5)/10. Let j(r) = -r**2 + 2*r - 1. Give j(i).
0
Let j = -957 + 960. Let a(m) be the third derivative of m**8/10080 + m**5/12 + 4*m**2. Let h(t) be the third derivative of a(t). Determine h(j).
18
Let v be (-7)/((-147)/(-150)) + (-318)/371. Let z(i) be the third derivative of 1/60*i**5 + 0 - 11*i**2 + 3/8*i**4 - 1/3*i**3 + 0*i. Give z(v).
-10
Let g(i) = 2*i**3 + 2*i**2 + 17*i - 4. Let a(x) = x**3 + 2*x**2 + 15*x - 3. Let q(z) = -3*a(z) + 2*g(z). Give q(5).
21
Suppose 0 = 5*g + i - 0*i + 160, -2*i - 160 = 5*g. Let d be -1 + -14 - 96/g. Let t(l) = -3*l - 13. Give t(d).
23
Let b be (708/(-8))/(3/(-2)). Let g = b + -63. Let l(t) = 7*t + 5. Give l(g).
-23
Let x = 342 + -777. Let j = 428 + x. Let m(i) = -i**2 - 4*i + 8. Determine m(j).
-13
Suppose -a + 4*v = 0, a - 5*v + 2 = 5. Let p(x) = 2*x + 19. Give p(a).
-5
Let v(t) = t - 7. Let l(u) = -u**3 - 16*u**2 - 16*u. Let w be l(-15). Suppose a - w = -4*a. Suppose a*p - 2*y = -0*y + 6, p = 4*y - 8. What is v(p)?
-3
Let y(s) = 0*s**2 - 3*s + 5 - 33*s**2 + 5*s - 4. Calculate y(-1).
-34
Let q(t) be the first derivative of -t**3/3 + 8*t**2 - 35*t + 3189. Calculate q(15).
-20
Let p(v) be the third derivative of 0 - 1/180*v**6 + 0*v**3 + 13/12*v**4 - 27*v**2 + 0*v + 0*v**5. Let l(q) be the second derivative of p(q). Determine l(2).
-8
Let a(s) be the second derivative of -s**5/120 + s**4/3 - 3*s**3/2 + 3*s**2/2 + s - 3. Let r(o) be the second derivative of a(o). Calculate r(0).
8
Let l(s) = -15*s + 17. Let z(f) = 3*f - 2. Suppose 9 = -5*u + 2*g, 2*u + 4*g - 2 - 4 = 0. Let q(r) = u*l(r) - 6*z(r). Determine q(-5).
10
Let a(j) = 7020054 - 7020063 - j**2 + 3*j**2. Give a(5).
41
Let l(p) = -10*p**2 + 43*p + 122. Let q(k) = -3*k**2 + 14*k + 39. Let r(t) = -2*l(t) + 7*q(t). Give r(-3).
-16
Let t be 